 - 3*i - 5 = -63*h. Let z(g) = -31*g - 28*g - h - g**2 + 52*g - 1. Calculate z(-4).
7
Let a(b) = 1711*b - 858*b - 4 - 853*b - 3*b**2 - 2*b**3. What is a(-3)?
23
Let a(v) = -4*v**2 + 3. Let b(h) = -6*h**2 - 8*h + 4. Let u(r) = 2*a(r) - b(r). Calculate u(5).
-8
Let m(y) be the first derivative of -23*y**2/2 + 155*y + 3224. Give m(7).
-6
Let l(q) = 4724*q**2 - 5 - 9464*q**2 + 3*q**3 + q + 4734*q**2 - 2*q**3. Let d = -153 + 159. What is l(d)?
1
Suppose -4*y + 4 = 0, 3*k - y + 4*y = 9. Let q(l) be the second derivative of -l**3/2 - l**2 - 1028*l. Give q(k).
-8
Let l be 4/3*(3 + (-15)/10). Let z be ((-14)/(-28))/(l/12). Let a(c) = 3*c - 1. What is a(z)?
8
Suppose 0 = 50*p - 2 - 98. Let w(r) be the third derivative of 0*r - 5/24*r**4 - 3*r**p + 1/60*r**5 + 0 + 4/3*r**3. Determine w(6).
14
Let v(a) = 22*a + 14. Let k(b) = 9*b + 8. Let u(z) = -5*k(z) + 2*v(z). Let q = -284 - -284. Determine u(q).
-12
Let a(f) = 163*f + 8. Let u = -12196 - -12196. Calculate a(u).
8
Let f(u) = -2*u**2 - 2*u - 2. Suppose 0 = -2*o - 4*q + 6, o + 9 = 4*o + 4*q. Suppose -o*h + 24 = 15. Suppose -3*d + h*t - 4*t = 12, 0 = -2*t - 6. What is f(d)?
-14
Let i(g) = -7*g**3 + 2*g**2 + 9*g + 7. Suppose -10562 = -10*p - 2*p - 10574. What is i(p)?
7
Let j(q) be the first derivative of 2*q**3/3 - 2*q + 1. Let y = 398 + -298. Suppose 11*b + 78 = y. What is j(b)?
6
Let j(h) = 5*h + 18. Let v(d) = -4*d - 17. Let o = 293 + -290. Let r(f) = o*j(f) + 4*v(f). Give r(-8).
-6
Let l = -70 + 74. Suppose t + 13 = 15. Let s(k) = 8 - l + t*k - 2*k + k. Determine s(-4).
0
Let n(l) = 2*l**3 - 59*l**2 - 29*l - 15. Let v(h) = -h**3 - 25*h**2 + 48*h - 132. Let t be v(-27). Determine n(t).
15
Let b(q) be the first derivative of q**4/4 - 8*q**3 + 12*q**2 - 7*q - 2378. Calculate b(23).
16
Let t be 10 - 1 - (9 + -13). Let p(k) = -t*k + k**2 + 13*k - 1 + k**3 - k. Let f(u) = -u - 6. Let o be f(-5). What is p(o)?
0
Let a(s) = 3*s**2 + 25*s - 22. Let h be a(-9). Let q(n) = -2*n**2 + 2*n - 2. Let m(f) = -2*f**2 + 5*f - 1. Let l(z) = -2*m(z) + 3*q(z). What is l(h)?
-20
Let o be (84/(-15))/((-2)/15). Let a(s) = -s + 43 - o + 2*s. Let r(g) = g**2 - 4*g + 6. Let p(v) = 4*a(v) - r(v). Calculate p(7).
5
Let x(g) = 108*g - 1832. Let a be x(17). Let z(j) = -j**3 + 3*j**2 + 10*j - 19. What is z(a)?
5
Let l(z) be the first derivative of -1/2*z**2 - 18 + 0*z. Suppose -3*a + 16 - 7 = 0. Calculate l(a).
-3
Let y(q) = -6*q - 258. Let b be y(-43). Let d(h) = -2 + 154*h + b - 54*h - 46*h - 46*h. Calculate d(1).
6
Let a(z) = 4*z**2 - 1. Suppose l = 7 - 6. What is a(l)?
3
Suppose 38*a = -12*a - 200. Let y(c) = -2*c + 25. Give y(a).
33
Let q(w) = 18*w. Let s be 6 + (4 + -5)*4. Calculate q(s).
36
Let v(t) = 6*t**2 - 3*t + 3. Let j = -120 + 71. Let z be (-3)/(-5) + (-1)/35*j. Calculate v(z).
21
Let n be (21*34/(-10710))/((-1)/10). Let d(z) be the first derivative of 1/4*z**4 + 2*z**2 + 26 + n*z**3 + 0*z. Give d(-3).
-21
Let r = -4149 - -12448/3. Let g(k) be the first derivative of 11 + r*k**3 + 6*k + k**2. Determine g(-4).
14
Let l be ((-2)/(-6))/(6/(-162)). Let b be (-36)/(-54)*l/(-2). Let v(f) = -3*f + 1. Give v(b).
-8
Let r = -3 - -6. Let y(w) = r*w - 6*w + 1 - 1. Let x be 270/(-225)*15/(-9). Give y(x).
-6
Let n(o) = o**2 + o + 1. Let q be -55 - -67 - (-1)/(1/(-3)). Suppose q*p = 15*p + 18. Determine n(p).
7
Let s(q) be the third derivative of -q**4/6 + 14*q**3/3 + 13*q**2 + 44*q. Determine s(9).
-8
Let o(a) = -244 - 249 - 249 - 232 + 5*a + 953. Give o(5).
4
Suppose -65*o + 5*y + 6 = -63*o, 6*y + 84 = -4*o. Let c(m) = m**3 + 10*m**2 - 30*m - 58. Calculate c(o).
14
Let y = -9 + 11. Suppose h = -0*h + y. Let i(n) = 4*n**3 - 6*n**2 + 4*n - 6. Let l(q) = 5*q**3 - 7*q**2 + 5*q - 8. Let s(z) = -4*i(z) + 3*l(z). What is s(h)?
2
Let d(o) = -o**3 + o**2 + 7. Let q be (-5)/(2 - -3)*-3. Suppose 20 + 70 = q*i. Let v = 30 - i. Give d(v).
7
Let y(r) = -288*r + 850*r + 20 - 279*r - 289*r. Give y(5).
-10
Let y(s) be the second derivative of 0 - 7/6*s**3 + 1/12*s**4 + 19*s + 0*s**2. Calculate y(6).
-6
Let i(t) = -4*t**2 + 10*t - 1. Let m be i(2). Let p(x) = x + 7. Let h(q) = -q - 14. Let z(s) = m*h(s) + 5*p(s). Calculate z(-6).
-19
Suppose -2*h - 139 = -m - 601, -2*h - 4*m = -452. Suppose -3*i + 7*i = 4*y - 184, -5*i - h = 2*y. Let j = -50 - i. Let t(x) = x + 3. Determine t(j).
-1
Let g = -3336 + 3340. Let s(l) = l**2 - 6*l + 5. What is s(g)?
-3
Let v(g) be the second derivative of 1/2*g**2 + 9*g + 0 + 2/3*g**3. What is v(-2)?
-7
Let z(r) = -r**3 + 5*r**2 + 14*r - 3. Let u(c) = -15*c**2 + 23*c + 15. Let s be u(6). Let o = 394 + s. Calculate z(o).
-3
Let m(f) be the third derivative of -f**5/30 + f**4/6 - f**3/3 - f**2. Suppose 258 = 33*i + 93. Suppose -4*l = -3 - i. What is m(l)?
-2
Let a(f) = -f - 1. Let v(w) = 4*w**2 - 50*w + 25. Let x(t) = 2*t**2 + t - 1. Let r(c) = v(c) - x(c). Let g be r(25). Give a(g).
-2
Let p(i) be the second derivative of -i**3/6 + 11*i**2/2 + 9*i - 6. Let u be 0 - (-3 - -3 - 3). Suppose -u*f - 12 + 39 = 0. Calculate p(f).
2
Let h(s) = s**3 - 7*s**2 + 9*s + 8. Let m(z) = 5*z**3 - 27*z**2 + 35*z + 31. Let a(t) = 9*h(t) - 2*m(t). Suppose -120*k = -123*k - 30. Give a(k).
0
Let a(k) = -6 + k + 3 - k + 5*k**2 - 5*k - 4*k**2. What is a(9)?
33
Let j be ((-176)/(-48))/(4/48). Let u(c) = 6 + 43*c - 141*c - c**2 + j*c + 48*c. Determine u(-5).
11
Let d(g) = -468790*g + 0 - 4 + 468813*g. Give d(0).
-4
Suppose 0 = -5*q + 102 + 178. Let z(m) = 5*m + 56 - q. Let s be ((-10)/(-9))/5 + (-22)/18. Determine z(s).
-5
Let a be (-2)/(-9) - 730/45. Let y be 270/36*a/(-3). Let s = -39 + y. Let q(f) = -8*f**3 + f**2 - 2*f + 1. What is q(s)?
-8
Let h(l) be the third derivative of l**5/60 - 19*l**4/24 + 15*l**3 + 3187*l**2. Determine h(10).
0
Let n(u) = -368*u**3 - 49*u**2 - 44*u - 19. Let z(i) = -62*i**3 - 8*i**2 - 7*i - 3. Let p(g) = -4*n(g) + 25*z(g). Give p(1).
-80
Let l(c) = -3*c + 1. Suppose 4 = -8*m + 100. Suppose -d + m = -7*d. What is l(d)?
7
Let w be ((-18)/135*-4325)/(2/(-3)). Let v = -874 - w. Let g(d) = -d**3 - 8*d**2 + 11*d + 1. Determine g(v).
-17
Let o(c) be the third derivative of c**4/24 - 5*c**3/3 + 2151*c**2. Determine o(-6).
-16
Let k(d) = 5*d - 18. Let z(r) = -4*r + 17. Let o(w) = 6*k(w) + 7*z(w). Let c be o(-4). Let p(t) = -6 - 49*t**3 + 8*t**2 + 6*t + 2 + 50*t**c. Determine p(-7).
3
Let h(z) be the first derivative of z - z**2 + 3/2*z**4 + 2/3*z**3 - 89. Let t(q) = -q**3 - 8*q**2 - q - 7. Let p be t(-8). Give h(p).
7
Let b(h) = 30*h - 4*h**3 + 5*h**3 - 2989 - 2*h**2 + 2998 - 33*h. Calculate b(0).
9
Let y(p) = -2*p + 27. Let u(k) = -21*k + 864. Let a(l) = u(l) - 5*y(l). What is a(67)?
-8
Let u(l) be the first derivative of -l**3/3 + 11*l**2/2 - 13*l - 109. Suppose 32 = -h + 4*d - 22, 4*d = 3*h + 122. Let b = -25 - h. Give u(b).
5
Let o(i) = -3*i**2 + i + 1. Let b(u) be the first derivative of u**4/4 + 3*u**3 + 5*u**2 + 15*u - 138. Let s be b(-8). What is o(s)?
-3
Let x(t) = 2*t - 17. Let h(z) = 14*z - 120. Let r(y) = 6*h(y) - 44*x(y). Let i be r(0). Let u(l) = 29*l + 4 - i*l - 1. Give u(-6).
-3
Let n be 12/9 + (-28)/(-6). Let c = -3 + n. Let a(i) = -8*i**c - 1 - 6*i**3 + 13*i**3 - 3*i - i**2. Determine a(-2).
9
Let z(h) = 17*h - 720. Let w be z(43). Let k(j) = -j**2 + 13*j - 26. What is k(w)?
-4
Let n(o) = -42*o**2 - 2056*o + 101. Let k be n(-49). Let r(a) = -4*a**3 + 11*a**2 + 3*a + 6. What is r(k)?
6
Let t(l) = -l**3 + 10*l**2 - 3*l - 6. Let f be (5 - 1)*(-16 - 703/(-38)). Give t(f).
-36
Let m(v) be the first derivative of -v**4/4 - 4*v**3/3 + 3*v**2 + 5*v + 12609. Let x = 7 + -12. What is m(x)?
0
Let m(a) be the third derivative of a**5/10 - a**4/8 - a**3/3 + a**2. Let o(s) = -7*s**3 + 195*s**2 + 234*s - 60. Let v be o(29). Determine m(v).
28
Let z(i) = 2*i**3 - 2*i**2 + 4*i - 8. Let h(o) = 5*o**3 - 5*o**2 + 11*o - 22. Suppose 25*l = 22*l - 24. Let y(a) = l*z(a) + 3*h(a). Give y(0).
-2
Let h(p) = -60*p + 110. Suppose 37*m - 80*m + 48*m - 10 = 0. Calculate h(m).
-10
Suppose 3*i = -2*i - 15. Let c(u) = -297*u + 1360*u - 298*u - 172*u + 10 - 299*u - 291*u. Give c(i).
1
Let n(d) = 3*d + d**3 - 5*d - 5*d**2 + 561509 - 561524. Give n(6).
9
Suppose 4*n - 61 + 45 = 0. Let s(r) be the second derivative of 17*r + 0 - 3/2*r**2 + 1/2*r**3. Calculate s(n).
9
Let q(k) be the second derivative of -k**4/12 - 17*k**2/2 - 1142*k. Deter